{"id":127,"date":"2021-07-25T20:07:46","date_gmt":"2021-07-25T20:07:46","guid":{"rendered":"https:\/\/kaamos.ee\/bulvari\/?page_id=55"},"modified":"2025-09-09T12:33:18","modified_gmt":"2025-09-09T12:33:18","slug":"muugiinfo","status":"publish","type":"page","link":"https:\/\/kaamos.ee\/elumaja\/muugiinfo\/","title":{"rendered":"M\u00fc\u00fcgiinfo"},"content":{"rendered":"<h1>Kui Sul on kindel \u00e4ratundmine,<\/h1>\n<p>et Elu Maja on koht, kuhu soovid oma kodu luua, siis v\u00f5ta meiega \u00fchendust ja luba meil olla Sulle abistavaks toeks sellel teekonnal.<\/p>\n","protected":false},"excerpt":{"rendered":"<p>Kui Sul on kindel \u00e4ratundmine, et Elu Maja on koht, kuhu soovid oma kodu luua, siis v\u00f5ta meiega \u00fchendust ja luba meil olla Sulle abistavaks toeks sellel teekonnal.<\/p>\n","protected":false},"author":1,"featured_media":0,"parent":0,"menu_order":31,"comment_status":"closed","ping_status":"closed","template":"page-myygiinfo.php","meta":{"om_disable_all_campaigns":false,"inline_featured_image":false,"_uf_show_specific_survey":0,"_uf_disable_surveys":false,"footnotes":""},"class_list":["post-127","page","type-page","status-publish","hentry"],"lang":"et","translations":{"et":127,"ru":464,"en":465},"pll_sync_post":[],"_links":{"self":[{"href":"https:\/\/kaamos.ee\/elumaja\/wp-json\/wp\/v2\/pages\/127","targetHints":{"allow":["GET"]}}],"collection":[{"href":"https:\/\/kaamos.ee\/elumaja\/wp-json\/wp\/v2\/pages"}],"about":[{"href":"https:\/\/kaamos.ee\/elumaja\/wp-json\/wp\/v2\/types\/page"}],"author":[{"embeddable":true,"href":"https:\/\/kaamos.ee\/elumaja\/wp-json\/wp\/v2\/users\/1"}],"replies":[{"embeddable":true,"href":"https:\/\/kaamos.ee\/elumaja\/wp-json\/wp\/v2\/comments?post=127"}],"version-history":[{"count":21,"href":"https:\/\/kaamos.ee\/elumaja\/wp-json\/wp\/v2\/pages\/127\/revisions"}],"predecessor-version":[{"id":1823,"href":"https:\/\/kaamos.ee\/elumaja\/wp-json\/wp\/v2\/pages\/127\/revisions\/1823"}],"wp:attachment":[{"href":"https:\/\/kaamos.ee\/elumaja\/wp-json\/wp\/v2\/media?parent=127"}],"curies":[{"name":"wp","href":"https:\/\/api.w.org\/{rel}","templated":true}]}}